{"id":6067,"date":"2023-06-23T12:27:03","date_gmt":"2023-06-23T06:27:03","guid":{"rendered":"https:\/\/r2-toys.com\/?post_type=product&#038;p=6067"},"modified":"2025-12-18T08:18:41","modified_gmt":"2025-12-18T02:18:41","slug":"darth-vader-revenge-of-the-jedi","status":"publish","type":"product","link":"https:\/\/r2-toys.com\/index.php\/product\/darth-vader-revenge-of-the-jedi\/","title":{"rendered":"Darth Vader (Revenge of the Jedi)"},"content":{"rendered":"<p>Revenge of the Jedi, el t\u00edtulo provisional del Episodio VI, apareci\u00f3 en el primer tr\u00e1iler de la pel\u00edcula y en los primeros materiales promocionales. Pero justo antes de su lanzamiento, el nombre se cambi\u00f3 a Star Wars: Return of the Jedi.<\/p>\n<p>Figura de acci\u00f3n de 15cm, cuenta con m\u00faltiples puntos de articulaci\u00f3n y 1 accesorio de combate.<\/p>\n<p>Edad recomendada: 4 a\u00f1os en adelante<\/p>\n<p>\u26a0\ufe0fADVERTENCIA: PELIGRO DE ASFIXIA &#8211; Piezas peque\u00f1as. No apto para ni\u00f1os menores de 4 a\u00f1os.<\/p>\n<p>Los productos Star Wars son producidos por Hasbro bajo licencia de Lucasfilm Ltd.<\/p>\n<p>Hasbro y todos los t\u00e9rminos relacionados son marcas registradas de Hasbro.<\/p>\n","protected":false},"excerpt":{"rendered":"<p>Revenge of the Jedi, el t\u00edtulo provisional del Episodio VI, apareci\u00f3 en el primer tr\u00e1iler de la pel\u00edcula y en los primeros materiales promocionales. Pero justo antes de su lanzamiento, el nombre se cambi\u00f3 a Star Wars: Return of the Jedi.<\/p>\n","protected":false},"featured_media":6287,"comment_status":"open","ping_status":"closed","template":"","meta":[],"product_brand":[],"product_cat":[28],"product_tag":[],"class_list":{"0":"post-6067","1":"product","2":"type-product","3":"status-publish","4":"has-post-thumbnail","6":"product_cat-black-series","8":"first","9":"outofstock","10":"taxable","11":"shipping-taxable","12":"purchasable","13":"product-type-simple"},"_links":{"self":[{"href":"https:\/\/r2-toys.com\/index.php\/wp-json\/wp\/v2\/product\/6067","targetHints":{"allow":["GET"]}}],"collection":[{"href":"https:\/\/r2-toys.com\/index.php\/wp-json\/wp\/v2\/product"}],"about":[{"href":"https:\/\/r2-toys.com\/index.php\/wp-json\/wp\/v2\/types\/product"}],"replies":[{"embeddable":true,"href":"https:\/\/r2-toys.com\/index.php\/wp-json\/wp\/v2\/comments?post=6067"}],"wp:featuredmedia":[{"embeddable":true,"href":"https:\/\/r2-toys.com\/index.php\/wp-json\/wp\/v2\/media\/6287"}],"wp:attachment":[{"href":"https:\/\/r2-toys.com\/index.php\/wp-json\/wp\/v2\/media?parent=6067"}],"wp:term":[{"taxonomy":"product_brand","embeddable":true,"href":"https:\/\/r2-toys.com\/index.php\/wp-json\/wp\/v2\/product_brand?post=6067"},{"taxonomy":"product_cat","embeddable":true,"href":"https:\/\/r2-toys.com\/index.php\/wp-json\/wp\/v2\/product_cat?post=6067"},{"taxonomy":"product_tag","embeddable":true,"href":"https:\/\/r2-toys.com\/index.php\/wp-json\/wp\/v2\/product_tag?post=6067"}],"curies":[{"name":"wp","href":"https:\/\/api.w.org\/{rel}","templated":true}]}}