{"id":6069,"date":"2023-11-25T12:31:31","date_gmt":"2023-11-25T06:31:31","guid":{"rendered":"https:\/\/r2-toys.com\/?post_type=product&#038;p=6069"},"modified":"2026-01-05T02:39:13","modified_gmt":"2026-01-04T20:39:13","slug":"jabba-the-hutt","status":"publish","type":"product","link":"https:\/\/r2-toys.com\/index.php\/product\/jabba-the-hutt\/","title":{"rendered":"Jabba the Hutt"},"content":{"rendered":"<p>Jabba the Hutt fue uno de los mafiosos m\u00e1s poderosos de la galaxia, con una gran influencia tanto en la pol\u00edtica como en el inframundo criminal.<\/p>\n<p>Figuras de acci\u00f3n Jabba the Hutt &amp; Salacious B. Crumb a escala para similares de 15cm, cuentan con m\u00faltiples puntos de articulaci\u00f3n y<span class=\"Apple-converted-space\">\u00a0 <\/span>accesorios.<\/p>\n<p>Edad recomendada: 4 a\u00f1os en adelante<\/p>\n<p>\u26a0\ufe0fADVERTENCIA: PELIGRO DE ASFIXIA &#8211; Piezas peque\u00f1as. No apto para ni\u00f1os menores de 4 a\u00f1os.<\/p>\n<p>Los productos Star Wars son producidos por Hasbro bajo licencia de Lucasfilm Ltd.<\/p>\n<p>Hasbro y todos los t\u00e9rminos relacionados son marcas registradas de Hasbro.<\/p>\n","protected":false},"excerpt":{"rendered":"<p>Jabba the Hutt fue uno de los mafiosos m\u00e1s poderosos de la galaxia, con una gran influencia tanto en la pol\u00edtica como en el inframundo criminal.<\/p>\n","protected":false},"featured_media":6817,"comment_status":"open","ping_status":"closed","template":"","meta":[],"product_brand":[],"product_cat":[28],"product_tag":[],"class_list":{"0":"post-6069","1":"product","2":"type-product","3":"status-publish","4":"has-post-thumbnail","6":"product_cat-black-series","8":"first","9":"outofstock","10":"taxable","11":"shipping-taxable","12":"purchasable","13":"product-type-simple"},"_links":{"self":[{"href":"https:\/\/r2-toys.com\/index.php\/wp-json\/wp\/v2\/product\/6069","targetHints":{"allow":["GET"]}}],"collection":[{"href":"https:\/\/r2-toys.com\/index.php\/wp-json\/wp\/v2\/product"}],"about":[{"href":"https:\/\/r2-toys.com\/index.php\/wp-json\/wp\/v2\/types\/product"}],"replies":[{"embeddable":true,"href":"https:\/\/r2-toys.com\/index.php\/wp-json\/wp\/v2\/comments?post=6069"}],"wp:featuredmedia":[{"embeddable":true,"href":"https:\/\/r2-toys.com\/index.php\/wp-json\/wp\/v2\/media\/6817"}],"wp:attachment":[{"href":"https:\/\/r2-toys.com\/index.php\/wp-json\/wp\/v2\/media?parent=6069"}],"wp:term":[{"taxonomy":"product_brand","embeddable":true,"href":"https:\/\/r2-toys.com\/index.php\/wp-json\/wp\/v2\/product_brand?post=6069"},{"taxonomy":"product_cat","embeddable":true,"href":"https:\/\/r2-toys.com\/index.php\/wp-json\/wp\/v2\/product_cat?post=6069"},{"taxonomy":"product_tag","embeddable":true,"href":"https:\/\/r2-toys.com\/index.php\/wp-json\/wp\/v2\/product_tag?post=6069"}],"curies":[{"name":"wp","href":"https:\/\/api.w.org\/{rel}","templated":true}]}}