{"id":6117,"date":"2023-04-21T06:09:15","date_gmt":"2023-04-21T00:09:15","guid":{"rendered":"https:\/\/r2-toys.com\/?post_type=product&#038;p=6117"},"modified":"2023-04-21T06:09:15","modified_gmt":"2023-04-21T00:09:15","slug":"rene-belloq","status":"publish","type":"product","link":"https:\/\/r2-toys.com\/index.php\/product\/rene-belloq\/","title":{"rendered":"Ren\u00e9 Belloq"},"content":{"rendered":"<p>El arque\u00f3logo rival Ren\u00e9 Belloq se prepara para abrir el Arca de la Alianza, \u00a1un error que resultar\u00e1 desastroso!<\/p>\n<p>Las figuras incluyen piezas para<span class=\"Apple-converted-space\">\u00a0 <\/span>construir el Arca de la Alianza perdida.<\/p>\n<p>Figura de acci\u00f3n de 9.5cm, cuenta con m\u00faltiples puntos de articulaci\u00f3n e incluye 3 accesorios.<\/p>\n<p>Edad recomendada: 4 a\u00f1os en adelante<\/p>\n<p>\u26a0\ufe0fADVERTENCIA: PELIGRO DE ASFIXIA &#8211; Piezas peque\u00f1as. No apto para ni\u00f1os menores de 4 a\u00f1os.<\/p>\n<p>Los productos Indiana Jones Adventure son producidos por Hasbro bajo licencia de Lucasfilm Ltd.<\/p>\n<p>Hasbro y todos los t\u00e9rminos relacionados son marcas registradas de Hasbro y Lucasfilm Ltd.<\/p>\n","protected":false},"excerpt":{"rendered":"<p>El arque\u00f3logo rival Ren\u00e9 Belloq se prepara para abrir el Arca de la Alianza, \u00a1un error que resultar\u00e1 desastroso!<\/p>\n<p>&nbsp;<\/p>\n","protected":false},"featured_media":6079,"comment_status":"open","ping_status":"closed","template":"","meta":[],"product_brand":[],"product_cat":[21],"product_tag":[],"class_list":{"0":"post-6117","1":"product","2":"type-product","3":"status-publish","4":"has-post-thumbnail","6":"product_cat-retro","8":"first","9":"instock","10":"taxable","11":"shipping-taxable","12":"purchasable","13":"product-type-simple"},"_links":{"self":[{"href":"https:\/\/r2-toys.com\/index.php\/wp-json\/wp\/v2\/product\/6117","targetHints":{"allow":["GET"]}}],"collection":[{"href":"https:\/\/r2-toys.com\/index.php\/wp-json\/wp\/v2\/product"}],"about":[{"href":"https:\/\/r2-toys.com\/index.php\/wp-json\/wp\/v2\/types\/product"}],"replies":[{"embeddable":true,"href":"https:\/\/r2-toys.com\/index.php\/wp-json\/wp\/v2\/comments?post=6117"}],"wp:featuredmedia":[{"embeddable":true,"href":"https:\/\/r2-toys.com\/index.php\/wp-json\/wp\/v2\/media\/6079"}],"wp:attachment":[{"href":"https:\/\/r2-toys.com\/index.php\/wp-json\/wp\/v2\/media?parent=6117"}],"wp:term":[{"taxonomy":"product_brand","embeddable":true,"href":"https:\/\/r2-toys.com\/index.php\/wp-json\/wp\/v2\/product_brand?post=6117"},{"taxonomy":"product_cat","embeddable":true,"href":"https:\/\/r2-toys.com\/index.php\/wp-json\/wp\/v2\/product_cat?post=6117"},{"taxonomy":"product_tag","embeddable":true,"href":"https:\/\/r2-toys.com\/index.php\/wp-json\/wp\/v2\/product_tag?post=6117"}],"curies":[{"name":"wp","href":"https:\/\/api.w.org\/{rel}","templated":true}]}}