{"id":6207,"date":"2023-05-29T12:17:27","date_gmt":"2023-05-29T06:17:27","guid":{"rendered":"https:\/\/r2-toys.com\/?post_type=product&#038;p=6207"},"modified":"2026-01-16T22:56:25","modified_gmt":"2026-01-16T16:56:25","slug":"super-saiyan-godsuper-saiyan-gogeta","status":"publish","type":"product","link":"https:\/\/r2-toys.com\/index.php\/product\/super-saiyan-godsuper-saiyan-gogeta\/","title":{"rendered":"Super Saiyan GodSuper Saiyan Gogeta\u00a0"},"content":{"rendered":"<p>Gogeta se transforma en un\u00a0Supersaiyan Azul\u00a0al mismo tiempo que Hearts despeja la zona de combate atacando a los\u00a0Guerreros Z, dici\u00e9ndole a la fusi\u00f3n que siente como su poder est\u00e1 increment\u00e1ndose. Sin decir ni una palabra, Gogeta ataca con un pu\u00f1etazo a Hearts pero este lo detiene con facilidad, no obstante Gogeta consigue golpearlo finalmente al incrementar su energ\u00eda.<\/p>\n<p>Figura de 12.7cm articulada de la serie<span class=\"Apple-converted-space\">\u00a0 <\/span>Dragon Ball Envolve<\/p>\n<p>Edad recomendada: 4 a\u00f1os en adelante<\/p>\n<p>\u26a0\ufe0f ADVERTENCIA: PELIGRO DE ASFIXIA \u2013 Piezas peque\u00f1as. No apto para ni\u00f1os menores de 4 a\u00f1os.<\/p>\n<p>Los productos son producidos por Bandas bajo licencias autorizadas.<\/p>\n<p>Bandai y<span class=\"Apple-converted-space\">\u00a0 <\/span>todos los t\u00e9rminos relacionados son marcas registradas NamcoBandai.<\/p>\n","protected":false},"excerpt":{"rendered":"<p>Gogeta se transforma en un\u00a0Supersaiyan Azul\u00a0al mismo tiempo que Hearts despeja la zona de combate atacando a los\u00a0Guerreros Z, dici\u00e9ndole a la fusi\u00f3n que siente como su poder est\u00e1 increment\u00e1ndose. Sin decir ni una palabra, Gogeta ataca con un pu\u00f1etazo a Hearts pero este lo detiene con facilidad, no obstante Gogeta consigue golpearlo finalmente al incrementar su energ\u00eda.<\/p>\n","protected":false},"featured_media":6180,"comment_status":"open","ping_status":"closed","template":"","meta":[],"product_brand":[],"product_cat":[21],"product_tag":[],"class_list":{"0":"post-6207","1":"product","2":"type-product","3":"status-publish","4":"has-post-thumbnail","6":"product_cat-retro","8":"first","9":"instock","10":"taxable","11":"shipping-taxable","12":"purchasable","13":"product-type-simple"},"_links":{"self":[{"href":"https:\/\/r2-toys.com\/index.php\/wp-json\/wp\/v2\/product\/6207","targetHints":{"allow":["GET"]}}],"collection":[{"href":"https:\/\/r2-toys.com\/index.php\/wp-json\/wp\/v2\/product"}],"about":[{"href":"https:\/\/r2-toys.com\/index.php\/wp-json\/wp\/v2\/types\/product"}],"replies":[{"embeddable":true,"href":"https:\/\/r2-toys.com\/index.php\/wp-json\/wp\/v2\/comments?post=6207"}],"wp:featuredmedia":[{"embeddable":true,"href":"https:\/\/r2-toys.com\/index.php\/wp-json\/wp\/v2\/media\/6180"}],"wp:attachment":[{"href":"https:\/\/r2-toys.com\/index.php\/wp-json\/wp\/v2\/media?parent=6207"}],"wp:term":[{"taxonomy":"product_brand","embeddable":true,"href":"https:\/\/r2-toys.com\/index.php\/wp-json\/wp\/v2\/product_brand?post=6207"},{"taxonomy":"product_cat","embeddable":true,"href":"https:\/\/r2-toys.com\/index.php\/wp-json\/wp\/v2\/product_cat?post=6207"},{"taxonomy":"product_tag","embeddable":true,"href":"https:\/\/r2-toys.com\/index.php\/wp-json\/wp\/v2\/product_tag?post=6207"}],"curies":[{"name":"wp","href":"https:\/\/api.w.org\/{rel}","templated":true}]}}