{"id":626,"date":"2022-03-29T00:56:06","date_gmt":"2022-03-28T18:56:06","guid":{"rendered":"https:\/\/r2-toys.com\/?post_type=product&#038;p=626"},"modified":"2025-12-11T01:53:41","modified_gmt":"2025-12-10T19:53:41","slug":"darth-vader","status":"publish","type":"product","link":"https:\/\/r2-toys.com\/index.php\/product\/darth-vader\/","title":{"rendered":"DARTH VADER"},"content":{"rendered":"<p>Cuando se robaron los planos de la Estrella de la Muerte, Vader tom\u00f3 medidas, masacrando personalmente a un escuadr\u00f3n de soldados rebeldes y liderando la b\u00fasqueda de las cintas de datos.<\/p>\n<p>Con detalles y dise\u00f1o premium inspirados en Rogue One: A Star Wars Story, esta figura de acci\u00f3n de Darth Vader coleccionable de Star Wars The Vintage Collection de 9.5 cm aproximadamente es un gran regalo para los fan\u00e1ticos y coleccionistas de Star Wars.<\/p>\n<p>Incluye: figura y accesorio.<\/p>\n<p>Una vez un heroico Caballero Jedi, Darth Vader fue seducido por el lado oscuro de la Fuerza, se convirti\u00f3 en un Lord Sith y lider\u00f3 la erradicaci\u00f3n del Imperio de la Orden Jedi.<\/p>\n<p>Esta figura de acci\u00f3n de Darth Vader est\u00e1 inspirada en el personaje de Rogue One: A Star Wars Story, y es un gran regalo para los coleccionistas y fan\u00e1ticos de Star Wars de 4 a\u00f1os en adelante.<\/p>\n<div>\n<p>Edad recomendada: 4 a\u00f1os en adelante<\/p>\n<\/div>\n<div>\n<p>\u26a0\ufe0f ADVERTENCIA: PELIGRO DE ASFIXIA &#8211; Piezas peque\u00f1as. No apto para ni\u00f1os menores de 4 a\u00f1os.<\/p>\n<\/div>\n<div>\n<p>Los productos Star Wars son producidos por Hasbro bajo licencia de Lucasfilm Ltd.<\/p>\n<\/div>\n<div>\n<p>Hasbro y todos los t\u00e9rminos relacionados son marcas de comercio de Hasbro.<\/p>\n<\/div>\n","protected":false},"excerpt":{"rendered":"<p>Cuando se robaron los planos de la Estrella de la Muerte, Vader tom\u00f3 medidas, masacrando personalmente a un escuadr\u00f3n de soldados rebeldes y liderando la b\u00fasqueda de las cintas de datos.<\/p>\n","protected":false},"featured_media":2929,"comment_status":"open","ping_status":"closed","template":"","meta":[],"product_brand":[],"product_cat":[29],"product_tag":[],"class_list":{"0":"post-626","1":"product","2":"type-product","3":"status-publish","4":"has-post-thumbnail","6":"product_cat-vintage","8":"first","9":"instock","10":"taxable","11":"shipping-taxable","12":"purchasable","13":"product-type-simple"},"_links":{"self":[{"href":"https:\/\/r2-toys.com\/index.php\/wp-json\/wp\/v2\/product\/626","targetHints":{"allow":["GET"]}}],"collection":[{"href":"https:\/\/r2-toys.com\/index.php\/wp-json\/wp\/v2\/product"}],"about":[{"href":"https:\/\/r2-toys.com\/index.php\/wp-json\/wp\/v2\/types\/product"}],"replies":[{"embeddable":true,"href":"https:\/\/r2-toys.com\/index.php\/wp-json\/wp\/v2\/comments?post=626"}],"wp:featuredmedia":[{"embeddable":true,"href":"https:\/\/r2-toys.com\/index.php\/wp-json\/wp\/v2\/media\/2929"}],"wp:attachment":[{"href":"https:\/\/r2-toys.com\/index.php\/wp-json\/wp\/v2\/media?parent=626"}],"wp:term":[{"taxonomy":"product_brand","embeddable":true,"href":"https:\/\/r2-toys.com\/index.php\/wp-json\/wp\/v2\/product_brand?post=626"},{"taxonomy":"product_cat","embeddable":true,"href":"https:\/\/r2-toys.com\/index.php\/wp-json\/wp\/v2\/product_cat?post=626"},{"taxonomy":"product_tag","embeddable":true,"href":"https:\/\/r2-toys.com\/index.php\/wp-json\/wp\/v2\/product_tag?post=626"}],"curies":[{"name":"wp","href":"https:\/\/api.w.org\/{rel}","templated":true}]}}