{"id":6297,"date":"2023-06-23T12:14:20","date_gmt":"2023-06-23T06:14:20","guid":{"rendered":"https:\/\/r2-toys.com\/?post_type=product&#038;p=6297"},"modified":"2025-12-10T12:05:42","modified_gmt":"2025-12-10T06:05:42","slug":"r2-s4m","status":"publish","type":"product","link":"https:\/\/r2-toys.com\/index.php\/product\/r2-s4m\/","title":{"rendered":"R2-S4M"},"content":{"rendered":"<p>Era un droide astromec\u00e1nico de la serie R2 con programaci\u00f3n masculina que serv\u00eda como cantinero a bordo del Khetanna, la barcaza de lujo del se\u00f1or del crimen hutt Jabba Desilijic Tiure.<\/p>\n<p>El cantinero estaba presente en la barcaza cuando viajaba al Gran Pozo de Carkoon cuando Jabba ten\u00eda la intenci\u00f3n de ejecutar a Luke Skywalker, Han Solo y Chewbacca. Al mismo tiempo, R2-D2 se vio obligado a trabajar en la barcaza, equipada con un dispensador de bebidas y una bandeja similares a las que usaba el cantinero. R2-S4M estaba cerca de Jabba y Leia Organa cuando fall\u00f3 el intento de ejecuci\u00f3n.<\/p>\n<p>Esta figura de 9,5 cm cuenta con un excelente<span class=\"Apple-converted-space\">\u00a0 <\/span>dise\u00f1o, en empaques inspirados en la l\u00ednea original e incluye 1 accesorio.<\/p>\n<p>Edad recomendada: 4 a\u00f1os en adelante<\/p>\n<p>\u26a0\ufe0fADVERTENCIA: PELIGRO DE ASFIXIA &#8211; Piezas peque\u00f1as. No apto para ni\u00f1os menores de 4 a\u00f1os.<\/p>\n<p>Los productos Star Wars son producidos por Hasbro bajo licencia de Lucasfilm Ltd.<\/p>\n<p>Hasbro, Disney y todos los t\u00e9rminos relacionados son marcas registradas de Hasbro y Disney.<\/p>\n","protected":false},"excerpt":{"rendered":"<p>Era un droide astromec\u00e1nico de la serie R2 con programaci\u00f3n masculina que serv\u00eda como cantinero a bordo del Khetanna, la barcaza de lujo del se\u00f1or del crimen hutt Jabba Desilijic Tiure.<\/p>\n","protected":false},"featured_media":6280,"comment_status":"open","ping_status":"closed","template":"","meta":[],"product_brand":[],"product_cat":[29],"product_tag":[],"class_list":{"0":"post-6297","1":"product","2":"type-product","3":"status-publish","4":"has-post-thumbnail","6":"product_cat-vintage","8":"first","9":"instock","10":"taxable","11":"shipping-taxable","12":"purchasable","13":"product-type-simple"},"_links":{"self":[{"href":"https:\/\/r2-toys.com\/index.php\/wp-json\/wp\/v2\/product\/6297","targetHints":{"allow":["GET"]}}],"collection":[{"href":"https:\/\/r2-toys.com\/index.php\/wp-json\/wp\/v2\/product"}],"about":[{"href":"https:\/\/r2-toys.com\/index.php\/wp-json\/wp\/v2\/types\/product"}],"replies":[{"embeddable":true,"href":"https:\/\/r2-toys.com\/index.php\/wp-json\/wp\/v2\/comments?post=6297"}],"wp:featuredmedia":[{"embeddable":true,"href":"https:\/\/r2-toys.com\/index.php\/wp-json\/wp\/v2\/media\/6280"}],"wp:attachment":[{"href":"https:\/\/r2-toys.com\/index.php\/wp-json\/wp\/v2\/media?parent=6297"}],"wp:term":[{"taxonomy":"product_brand","embeddable":true,"href":"https:\/\/r2-toys.com\/index.php\/wp-json\/wp\/v2\/product_brand?post=6297"},{"taxonomy":"product_cat","embeddable":true,"href":"https:\/\/r2-toys.com\/index.php\/wp-json\/wp\/v2\/product_cat?post=6297"},{"taxonomy":"product_tag","embeddable":true,"href":"https:\/\/r2-toys.com\/index.php\/wp-json\/wp\/v2\/product_tag?post=6297"}],"curies":[{"name":"wp","href":"https:\/\/api.w.org\/{rel}","templated":true}]}}