{"id":630,"date":"2022-03-29T00:58:15","date_gmt":"2022-03-28T18:58:15","guid":{"rendered":"https:\/\/r2-toys.com\/?post_type=product&#038;p=630"},"modified":"2023-07-11T23:21:15","modified_gmt":"2023-07-11T17:21:15","slug":"darth-vader-40th-anniversary-15cm","status":"publish","type":"product","link":"https:\/\/r2-toys.com\/index.php\/product\/darth-vader-40th-anniversary-15cm\/","title":{"rendered":"DARTH VADER 40th ANNIVERSARY (15CM)"},"content":{"rendered":"<p>Despu\u00e9s de la destrucci\u00f3n de la Estrella de la Muerte, Darth Vader se obsesion\u00f3 con encontrar a Luke Skywalker, finalmente localiz\u00f3 la base rebelde en el remoto planeta de hielo Hoth.<\/p>\n<p>Celebre los 40 a\u00f1os de Star Wars: El Imperio Contraataca con este Darth Vader La figura de acci\u00f3n de la Serie Black con un dise\u00f1o inspirado en la d\u00e9cada de 1980.<\/p>\n<p>The Empire Strikes Back 40th Anniversary Las figuras cl\u00e1sicas de Star Wars a escala de 6 pulgadas (15 CM) cuentan con la marca original de Kenner.<\/p>\n<p>Incluye el sello del 40 aniversario de The Empire Strikes Back en el empaque.<\/p>\n<div>\n<p>Edad recomendada: 4 a\u00f1os en adelante<\/p>\n<\/div>\n<div>\n<p>\u26a0\ufe0f ADVERTENCIA: PELIGRO DE ASFIXIA &#8211; Piezas peque\u00f1as. No apto para ni\u00f1os menores de 4 a\u00f1os.<\/p>\n<\/div>\n<div>\n<p>Los productos Star Wars son producidos por Hasbro bajo licencia de Lucasfilm Ltd.<\/p>\n<\/div>\n<div>\n<p>Hasbro y todos los t\u00e9rminos relacionados son marcas de comercio de Hasbro.<\/p>\n<\/div>\n","protected":false},"excerpt":{"rendered":"<p>Despu\u00e9s de la destrucci\u00f3n de la Estrella de la Muerte, Darth Vader se obsesion\u00f3 con encontrar a Luke Skywalker, finalmente localiz\u00f3 la base rebelde en el remoto planeta de hielo Hoth.<\/p>\n","protected":false},"featured_media":2931,"comment_status":"open","ping_status":"closed","template":"","meta":[],"product_brand":[],"product_cat":[29],"product_tag":[],"class_list":{"0":"post-630","1":"product","2":"type-product","3":"status-publish","4":"has-post-thumbnail","6":"product_cat-vintage","8":"first","9":"instock","10":"taxable","11":"shipping-taxable","12":"purchasable","13":"product-type-simple"},"_links":{"self":[{"href":"https:\/\/r2-toys.com\/index.php\/wp-json\/wp\/v2\/product\/630","targetHints":{"allow":["GET"]}}],"collection":[{"href":"https:\/\/r2-toys.com\/index.php\/wp-json\/wp\/v2\/product"}],"about":[{"href":"https:\/\/r2-toys.com\/index.php\/wp-json\/wp\/v2\/types\/product"}],"replies":[{"embeddable":true,"href":"https:\/\/r2-toys.com\/index.php\/wp-json\/wp\/v2\/comments?post=630"}],"wp:featuredmedia":[{"embeddable":true,"href":"https:\/\/r2-toys.com\/index.php\/wp-json\/wp\/v2\/media\/2931"}],"wp:attachment":[{"href":"https:\/\/r2-toys.com\/index.php\/wp-json\/wp\/v2\/media?parent=630"}],"wp:term":[{"taxonomy":"product_brand","embeddable":true,"href":"https:\/\/r2-toys.com\/index.php\/wp-json\/wp\/v2\/product_brand?post=630"},{"taxonomy":"product_cat","embeddable":true,"href":"https:\/\/r2-toys.com\/index.php\/wp-json\/wp\/v2\/product_cat?post=630"},{"taxonomy":"product_tag","embeddable":true,"href":"https:\/\/r2-toys.com\/index.php\/wp-json\/wp\/v2\/product_tag?post=630"}],"curies":[{"name":"wp","href":"https:\/\/api.w.org\/{rel}","templated":true}]}}