{"id":6559,"date":"2023-09-06T10:16:23","date_gmt":"2023-09-06T04:16:23","guid":{"rendered":"https:\/\/r2-toys.com\/?post_type=product&#038;p=6559"},"modified":"2026-01-24T09:09:39","modified_gmt":"2026-01-24T03:09:39","slug":"cobb-vanth-cad-bane-the-book-of-boba-fett","status":"publish","type":"product","link":"https:\/\/r2-toys.com\/index.php\/product\/cobb-vanth-cad-bane-the-book-of-boba-fett\/","title":{"rendered":"Cobb Vanth &#038; Cad Bane (The Book of Boba Fett)"},"content":{"rendered":"<p>El renombrado cazarrecompensas Cad Bane era conocido por su impresionante arsenal de armas y aliados. Su trabajo con Pyke Syndicate en Tatooine lo llev\u00f3 cara a cara con Boba Fett.<\/p>\n<p class=\"p1\">El mariscal de Mos Pelgo, un peque\u00f1o pueblo en Tatooine, Cobb Vanth se ha ganado la confianza de la gente del pueblo como l\u00edder y pacificador capaz. Vanth, en un momento, fue el custodio de la armadura mandaloriana de Boba Fett, que compr\u00f3 a los comerciantes Jawa.<\/p>\n<p>Figura de acci\u00f3n de 15cm, cuenta con m\u00faltiples puntos de articulaci\u00f3n y 2 accesorios de combate.<\/p>\n<p>Edad recomendada: 4 a\u00f1os en adelante<\/p>\n<p>\u26a0\ufe0fADVERTENCIA: PELIGRO DE ASFIXIA &#8211; Piezas peque\u00f1as. No apto para ni\u00f1os menores de 4 a\u00f1os.<\/p>\n<p>Los productos Star Wars son producidos por Hasbro bajo licencia de Lucasfilm Ltd.<\/p>\n<p>Hasbro y todos los t\u00e9rminos relacionados son marcas registradas de Hasbro.<\/p>\n","protected":false},"excerpt":{"rendered":"<p>El renombrado cazarrecompensas Cad Bane era conocido por su impresionante arsenal de armas y aliados. Su trabajo con Pyke Syndicate en Tatooine lo llev\u00f3 cara a cara con Boba Fett.<\/p>\n<p>&nbsp;<\/p>\n","protected":false},"featured_media":6520,"comment_status":"open","ping_status":"closed","template":"","meta":[],"product_brand":[],"product_cat":[28],"product_tag":[],"class_list":{"0":"post-6559","1":"product","2":"type-product","3":"status-publish","4":"has-post-thumbnail","6":"product_cat-black-series","8":"first","9":"instock","10":"taxable","11":"shipping-taxable","12":"purchasable","13":"product-type-simple"},"_links":{"self":[{"href":"https:\/\/r2-toys.com\/index.php\/wp-json\/wp\/v2\/product\/6559","targetHints":{"allow":["GET"]}}],"collection":[{"href":"https:\/\/r2-toys.com\/index.php\/wp-json\/wp\/v2\/product"}],"about":[{"href":"https:\/\/r2-toys.com\/index.php\/wp-json\/wp\/v2\/types\/product"}],"replies":[{"embeddable":true,"href":"https:\/\/r2-toys.com\/index.php\/wp-json\/wp\/v2\/comments?post=6559"}],"wp:featuredmedia":[{"embeddable":true,"href":"https:\/\/r2-toys.com\/index.php\/wp-json\/wp\/v2\/media\/6520"}],"wp:attachment":[{"href":"https:\/\/r2-toys.com\/index.php\/wp-json\/wp\/v2\/media?parent=6559"}],"wp:term":[{"taxonomy":"product_brand","embeddable":true,"href":"https:\/\/r2-toys.com\/index.php\/wp-json\/wp\/v2\/product_brand?post=6559"},{"taxonomy":"product_cat","embeddable":true,"href":"https:\/\/r2-toys.com\/index.php\/wp-json\/wp\/v2\/product_cat?post=6559"},{"taxonomy":"product_tag","embeddable":true,"href":"https:\/\/r2-toys.com\/index.php\/wp-json\/wp\/v2\/product_tag?post=6559"}],"curies":[{"name":"wp","href":"https:\/\/api.w.org\/{rel}","templated":true}]}}