{"id":6583,"date":"2023-09-07T05:39:01","date_gmt":"2023-09-06T23:39:01","guid":{"rendered":"https:\/\/r2-toys.com\/?post_type=product&#038;p=6583"},"modified":"2025-12-18T08:23:52","modified_gmt":"2025-12-18T02:23:52","slug":"blue-beetle-blue-beetle-movie","status":"publish","type":"product","link":"https:\/\/r2-toys.com\/index.php\/product\/blue-beetle-blue-beetle-movie\/","title":{"rendered":"BLUE BEETLE (BLUE BEETLE MOVIE)"},"content":{"rendered":"<p class=\"p3\">Jaime Reyes, el primero de su familia en graduarse de la universidad, alberga sue\u00f1os de estudiar derecho, pero en cambio se encuentra en conflicto ante las amenazas a su hogar y las desgracias que le suceden a su familia. Cuando se conecta simbi\u00f3ticamente con una antigua biotecnolog\u00eda alien\u00edgena, Jaime recibe poderes todopoderosos pero impredecibles, lo que lo lleva a cumplir su destino y convertirse en una nueva generaci\u00f3n del superh\u00e9roe: Blue Beetle\u2122.<\/p>\n<p class=\"p3\">Esta figura de 17cm cuenta con m\u00e1s de 22 articulaciones, Blue Beetle aparece en su aspecto de la pel\u00edcula Blue Beetle.<\/p>\n<p class=\"p3\">Blue Beetle incluye anillos de energ\u00eda, espada de energ\u00eda, construcci\u00f3n de energ\u00eda y base. Incluye tarjeta de arte coleccionable con fotograf\u00eda de<span class=\"Apple-converted-space\">\u00a0 <\/span>la figura en el frente y biograf\u00eda del personaje en el reverso.<\/p>\n<p class=\"p3\">Edad recomendada: 12 a\u00f1os en adelante<\/p>\n<p class=\"p3\"><span class=\"s1\">\u26a0\ufe0f<\/span>ADVERTENCIA: PELIGRO DE ASFIXIA &#8211; Piezas peque\u00f1as. No apto para ni\u00f1os menores de 12 a\u00f1os.<\/p>\n<p class=\"p3\">Los productos son producidos por McFarlane bajo licencia de DC comics.<\/p>\n<p class=\"p3\">McFarlane, DC Comics y<span class=\"Apple-converted-space\">\u00a0 <\/span>todos los t\u00e9rminos relacionados son marcas registradas de Mc Farlane y DC Comics.<\/p>\n","protected":false},"excerpt":{"rendered":"<p>Jaime Reyes, el primero de su familia en graduarse de la universidad, alberga sue\u00f1os de estudiar derecho, pero en cambio se encuentra en conflicto ante las amenazas a su hogar y las desgracias que le suceden a su familia. Cuando se conecta simbi\u00f3ticamente con una antigua biotecnolog\u00eda alien\u00edgena, Jaime recibe poderes todopoderosos pero impredecibles, lo que lo lleva a cumplir su destino y convertirse en una nueva generaci\u00f3n del superh\u00e9roe: Blue Beetle\u2122.<\/p>\n","protected":false},"featured_media":6535,"comment_status":"open","ping_status":"closed","template":"","meta":[],"product_brand":[],"product_cat":[21],"product_tag":[],"class_list":{"0":"post-6583","1":"product","2":"type-product","3":"status-publish","4":"has-post-thumbnail","6":"product_cat-retro","8":"first","9":"outofstock","10":"taxable","11":"shipping-taxable","12":"purchasable","13":"product-type-simple"},"_links":{"self":[{"href":"https:\/\/r2-toys.com\/index.php\/wp-json\/wp\/v2\/product\/6583","targetHints":{"allow":["GET"]}}],"collection":[{"href":"https:\/\/r2-toys.com\/index.php\/wp-json\/wp\/v2\/product"}],"about":[{"href":"https:\/\/r2-toys.com\/index.php\/wp-json\/wp\/v2\/types\/product"}],"replies":[{"embeddable":true,"href":"https:\/\/r2-toys.com\/index.php\/wp-json\/wp\/v2\/comments?post=6583"}],"wp:featuredmedia":[{"embeddable":true,"href":"https:\/\/r2-toys.com\/index.php\/wp-json\/wp\/v2\/media\/6535"}],"wp:attachment":[{"href":"https:\/\/r2-toys.com\/index.php\/wp-json\/wp\/v2\/media?parent=6583"}],"wp:term":[{"taxonomy":"product_brand","embeddable":true,"href":"https:\/\/r2-toys.com\/index.php\/wp-json\/wp\/v2\/product_brand?post=6583"},{"taxonomy":"product_cat","embeddable":true,"href":"https:\/\/r2-toys.com\/index.php\/wp-json\/wp\/v2\/product_cat?post=6583"},{"taxonomy":"product_tag","embeddable":true,"href":"https:\/\/r2-toys.com\/index.php\/wp-json\/wp\/v2\/product_tag?post=6583"}],"curies":[{"name":"wp","href":"https:\/\/api.w.org\/{rel}","templated":true}]}}