{"id":666,"date":"2022-03-30T05:09:29","date_gmt":"2022-03-29T23:09:29","guid":{"rendered":"https:\/\/r2-toys.com\/?post_type=product&#038;p=666"},"modified":"2022-09-26T02:31:25","modified_gmt":"2022-09-25T20:31:25","slug":"ig-11-the-mandalorian","status":"publish","type":"product","link":"https:\/\/r2-toys.com\/index.php\/product\/ig-11-the-mandalorian\/","title":{"rendered":"IG-11 (THE MANDALORIAN)"},"content":{"rendered":"<p>IG-11: El mercenario IG-11, quien forma parte de una serie de peligrosos droides asesinos declarados ilegales en casi toda la galaxia, fue programado para seguir los protocolos del Gremio de cazarrecompensas al pie de la letra<\/p>\n<p>Esta figura de 15 cm de IG-11 fue dise\u00f1ada con lujo de detalles para verse igual al personaje de la serie The Mandalorian, y cuenta con m\u00faltiples puntos de articulaci\u00f3n.\u00a0\u00a0Incluye 2 accesorios inspirados en el personaje de IG-11.<\/p>\n<div>\n<p>Edad recomendada: 4 a\u00f1os en adelante<\/p>\n<\/div>\n<div>\n<p>\u26a0\ufe0f ADVERTENCIA: PELIGRO DE ASFIXIA &#8211; Piezas peque\u00f1as. No apto para ni\u00f1os menores de 4 a\u00f1os.<\/p>\n<\/div>\n<div>\n<p>Los productos Star Wars son producidos por Hasbro bajo licencia de Lucasfilm Ltd.<\/p>\n<\/div>\n<div>\n<p>Hasbro y todos los t\u00e9rminos relacionados son marcas de comercio de Hasbro.<\/p>\n<\/div>\n","protected":false},"excerpt":{"rendered":"<p>IG-11: El mercenario IG-11, quien forma parte de una serie de peligrosos droides asesinos declarados ilegales en casi toda la galaxia, fue programado para seguir los protocolos del Gremio de cazarrecompensas al pie de la letra.<\/p>\n","protected":false},"featured_media":3054,"comment_status":"open","ping_status":"closed","template":"","meta":[],"product_brand":[],"product_cat":[29],"product_tag":[],"class_list":{"0":"post-666","1":"product","2":"type-product","3":"status-publish","4":"has-post-thumbnail","6":"product_cat-vintage","8":"first","9":"instock","10":"taxable","11":"shipping-taxable","12":"purchasable","13":"product-type-simple"},"_links":{"self":[{"href":"https:\/\/r2-toys.com\/index.php\/wp-json\/wp\/v2\/product\/666","targetHints":{"allow":["GET"]}}],"collection":[{"href":"https:\/\/r2-toys.com\/index.php\/wp-json\/wp\/v2\/product"}],"about":[{"href":"https:\/\/r2-toys.com\/index.php\/wp-json\/wp\/v2\/types\/product"}],"replies":[{"embeddable":true,"href":"https:\/\/r2-toys.com\/index.php\/wp-json\/wp\/v2\/comments?post=666"}],"wp:featuredmedia":[{"embeddable":true,"href":"https:\/\/r2-toys.com\/index.php\/wp-json\/wp\/v2\/media\/3054"}],"wp:attachment":[{"href":"https:\/\/r2-toys.com\/index.php\/wp-json\/wp\/v2\/media?parent=666"}],"wp:term":[{"taxonomy":"product_brand","embeddable":true,"href":"https:\/\/r2-toys.com\/index.php\/wp-json\/wp\/v2\/product_brand?post=666"},{"taxonomy":"product_cat","embeddable":true,"href":"https:\/\/r2-toys.com\/index.php\/wp-json\/wp\/v2\/product_cat?post=666"},{"taxonomy":"product_tag","embeddable":true,"href":"https:\/\/r2-toys.com\/index.php\/wp-json\/wp\/v2\/product_tag?post=666"}],"curies":[{"name":"wp","href":"https:\/\/api.w.org\/{rel}","templated":true}]}}