{"id":6831,"date":"2024-02-21T01:13:21","date_gmt":"2024-02-20T19:13:21","guid":{"rendered":"https:\/\/r2-toys.com\/?post_type=product&#038;p=6831"},"modified":"2026-02-22T12:01:02","modified_gmt":"2026-02-22T06:01:02","slug":"hielera-darth-vader","status":"publish","type":"product","link":"https:\/\/r2-toys.com\/index.php\/product\/hielera-darth-vader\/","title":{"rendered":"Hielera Darth Vader"},"content":{"rendered":"<div class=\"woocommerce-product-details__short-description\">\n<p>Hielera De Tela, inspirada en tus\u00a0personajes\u00a0favoritos.\u00a0Su dise\u00f1o est\u00e1\u00a0inspirado en\u00a0el\u00a0villano mas admirado de esta gran saga, Darth Vader, en el cl\u00e1sico color negro que lo representa. Lo que resguardes se mantendr\u00e1 fresco. Sorprender\u00e1s con esta incre\u00edble Hielera, dando un toque de diversi\u00f3n a tus reuniones.<\/p>\n<\/div>\n","protected":false},"excerpt":{"rendered":"<div class=\"woocommerce-product-details__short-description\">\n<p>Hielera De Tela, inspirada en tus\u00a0personajes\u00a0favoritos.\u00a0Su dise\u00f1o est\u00e1\u00a0inspirado en\u00a0el\u00a0villano mas admirado de esta gran saga, Darth Vader, en el cl\u00e1sico color negro que lo representa. Lo que resguardes se mantendr\u00e1 fresco. Sorprender\u00e1s con esta incre\u00edble Hielera, dando un toque de diversi\u00f3n a tus reuniones.<\/p>\n<\/div>\n","protected":false},"featured_media":6681,"comment_status":"open","ping_status":"closed","template":"","meta":[],"product_brand":[],"product_cat":[34],"product_tag":[],"class_list":{"0":"post-6831","1":"product","2":"type-product","3":"status-publish","4":"has-post-thumbnail","6":"product_cat-accesorios","8":"first","9":"instock","10":"taxable","11":"shipping-taxable","12":"purchasable","13":"product-type-simple"},"_links":{"self":[{"href":"https:\/\/r2-toys.com\/index.php\/wp-json\/wp\/v2\/product\/6831","targetHints":{"allow":["GET"]}}],"collection":[{"href":"https:\/\/r2-toys.com\/index.php\/wp-json\/wp\/v2\/product"}],"about":[{"href":"https:\/\/r2-toys.com\/index.php\/wp-json\/wp\/v2\/types\/product"}],"replies":[{"embeddable":true,"href":"https:\/\/r2-toys.com\/index.php\/wp-json\/wp\/v2\/comments?post=6831"}],"wp:featuredmedia":[{"embeddable":true,"href":"https:\/\/r2-toys.com\/index.php\/wp-json\/wp\/v2\/media\/6681"}],"wp:attachment":[{"href":"https:\/\/r2-toys.com\/index.php\/wp-json\/wp\/v2\/media?parent=6831"}],"wp:term":[{"taxonomy":"product_brand","embeddable":true,"href":"https:\/\/r2-toys.com\/index.php\/wp-json\/wp\/v2\/product_brand?post=6831"},{"taxonomy":"product_cat","embeddable":true,"href":"https:\/\/r2-toys.com\/index.php\/wp-json\/wp\/v2\/product_cat?post=6831"},{"taxonomy":"product_tag","embeddable":true,"href":"https:\/\/r2-toys.com\/index.php\/wp-json\/wp\/v2\/product_tag?post=6831"}],"curies":[{"name":"wp","href":"https:\/\/api.w.org\/{rel}","templated":true}]}}