{"id":6846,"date":"2024-02-21T02:51:07","date_gmt":"2024-02-20T20:51:07","guid":{"rendered":"https:\/\/r2-toys.com\/?post_type=product&#038;p=6846"},"modified":"2026-01-03T04:29:42","modified_gmt":"2026-01-02T22:29:42","slug":"ezra-bridger-lothal","status":"publish","type":"product","link":"https:\/\/r2-toys.com\/index.php\/product\/ezra-bridger-lothal\/","title":{"rendered":"EZRA BRIDGER (Lothal)"},"content":{"rendered":"<p>Al crecer, Ezra aprendi\u00f3 a no confiar en nadie y a confiar en su inteligencia callejera y en sus habilidades subconscientes de la Fuerza para sobrevivir.\u00a0Todo esto cambia con su presentaci\u00f3n a la tripulaci\u00f3n del Fantasma, una peque\u00f1a banda de rebeldes que luchan contra el Imperio.<\/p>\n<p>Esta figura de Ezra Bridger de gama alta de 15 cm est\u00e1 cuidadosamente detallada para parecerse al personaje de Star Wars: Rebels y presenta detalles de primera calidad y m\u00faltiples puntos de articulaci\u00f3n (4 extremidades totalmente articuladas).<\/p>\n<p>Esta figura de acci\u00f3n de Star Wars The Black Series viene con 2 accesorios inspirados en Ezra Bridger que son una gran adici\u00f3n a cualquier colecci\u00f3n de Star Wars.<\/p>\n<p>\u26a0\ufe0f ADVERTENCIA: PELIGRO DE ASFIXIA &#8211; Piezas peque\u00f1as. No apto para ni\u00f1os menores de 4 a\u00f1os.<\/p>\n<p>Los productos Star Wars son producidos por Hasbro bajo licencia de Lucasfilm Ltd.<\/p>\n<p>Hasbro y todos los t\u00e9rminos relacionados son marcas registradas de Hasbro.<\/p>\n<p>&nbsp;<\/p>\n","protected":false},"excerpt":{"rendered":"<p>Al crecer, Ezra aprendi\u00f3 a no confiar en nadie y a confiar en su inteligencia callejera y en sus habilidades subconscientes de la Fuerza para sobrevivir.\u00a0Todo esto cambia con su presentaci\u00f3n a la tripulaci\u00f3n del Fantasma, una peque\u00f1a banda de rebeldes que luchan contra el Imperio.<\/p>\n","protected":false},"featured_media":6724,"comment_status":"open","ping_status":"closed","template":"","meta":[],"product_brand":[],"product_cat":[28],"product_tag":[],"class_list":{"0":"post-6846","1":"product","2":"type-product","3":"status-publish","4":"has-post-thumbnail","6":"product_cat-black-series","8":"first","9":"instock","10":"taxable","11":"shipping-taxable","12":"purchasable","13":"product-type-simple"},"_links":{"self":[{"href":"https:\/\/r2-toys.com\/index.php\/wp-json\/wp\/v2\/product\/6846","targetHints":{"allow":["GET"]}}],"collection":[{"href":"https:\/\/r2-toys.com\/index.php\/wp-json\/wp\/v2\/product"}],"about":[{"href":"https:\/\/r2-toys.com\/index.php\/wp-json\/wp\/v2\/types\/product"}],"replies":[{"embeddable":true,"href":"https:\/\/r2-toys.com\/index.php\/wp-json\/wp\/v2\/comments?post=6846"}],"wp:featuredmedia":[{"embeddable":true,"href":"https:\/\/r2-toys.com\/index.php\/wp-json\/wp\/v2\/media\/6724"}],"wp:attachment":[{"href":"https:\/\/r2-toys.com\/index.php\/wp-json\/wp\/v2\/media?parent=6846"}],"wp:term":[{"taxonomy":"product_brand","embeddable":true,"href":"https:\/\/r2-toys.com\/index.php\/wp-json\/wp\/v2\/product_brand?post=6846"},{"taxonomy":"product_cat","embeddable":true,"href":"https:\/\/r2-toys.com\/index.php\/wp-json\/wp\/v2\/product_cat?post=6846"},{"taxonomy":"product_tag","embeddable":true,"href":"https:\/\/r2-toys.com\/index.php\/wp-json\/wp\/v2\/product_tag?post=6846"}],"curies":[{"name":"wp","href":"https:\/\/api.w.org\/{rel}","templated":true}]}}