{"id":6880,"date":"2024-02-21T06:13:40","date_gmt":"2024-02-21T00:13:40","guid":{"rendered":"https:\/\/r2-toys.com\/?post_type=product&#038;p=6880"},"modified":"2024-02-21T06:22:05","modified_gmt":"2024-02-21T00:22:05","slug":"batman-sketch-edition-copia","status":"publish","type":"product","link":"https:\/\/r2-toys.com\/index.php\/product\/batman-sketch-edition-copia\/","title":{"rendered":"Batman Sketch Edition"},"content":{"rendered":"<div class=\"woocommerce-product-details__short-description\">\n<p>Cuando era ni\u00f1o, Bruce Wayne vio c\u00f3mo sus padres eran brutalmente asesinados en Crime Alley de Gotham City. Traumatizado por sus muertes, dedic\u00f3 su vida a convertirse en el arma m\u00e1s grande del mundo contra el crimen: \u00a1Batman! Para convertirse en el justiciero definitivo, el Caballero Oscuro disciplin\u00f3 su mente y su cuerpo para alcanzar la cima de la superioridad f\u00edsica y mental en su incesante b\u00fasqueda de la justicia.<\/p>\n<\/div>\n<p class=\"p3\">Esta figura de 17cm cuenta con m\u00e1s de 22 articulaciones.<\/p>\n<p class=\"p3\">Edad recomendada: 12 a\u00f1os en adelante<\/p>\n<p class=\"p3\"><span class=\"s1\">\u26a0\ufe0f<\/span>ADVERTENCIA: PELIGRO DE ASFIXIA \u2013 Piezas peque\u00f1as. No apto para ni\u00f1os menores de 12 a\u00f1os.<\/p>\n<p class=\"p3\">Los productos son producidos por McFarlane bajo licencia de DC comics.<\/p>\n<p class=\"p3\">McFarlane, DC Comics y<span class=\"Apple-converted-space\">\u00a0\u00a0<\/span>todos los t\u00e9rminos relacionados son marcas registradas de Mc Farlane y DC Comics.<\/p>\n","protected":false},"excerpt":{"rendered":"<div class=\"woocommerce-product-details__short-description\">\n<p>Cuando era ni\u00f1o, Bruce Wayne vio c\u00f3mo sus padres eran brutalmente asesinados en Crime Alley de Gotham City. Traumatizado por sus muertes, dedic\u00f3 su vida a convertirse en el arma m\u00e1s grande del mundo contra el crimen: \u00a1Batman! Para convertirse en el justiciero definitivo, el Caballero Oscuro disciplin\u00f3 su mente y su cuerpo para alcanzar la cima de la superioridad f\u00edsica y mental en su incesante b\u00fasqueda de la justicia.<\/p>\n<\/div>\n","protected":false},"featured_media":6796,"comment_status":"open","ping_status":"closed","template":"","meta":[],"product_brand":[],"product_cat":[21],"product_tag":[],"class_list":{"0":"post-6880","1":"product","2":"type-product","3":"status-publish","4":"has-post-thumbnail","6":"product_cat-retro","8":"first","9":"instock","10":"taxable","11":"shipping-taxable","12":"purchasable","13":"product-type-simple"},"_links":{"self":[{"href":"https:\/\/r2-toys.com\/index.php\/wp-json\/wp\/v2\/product\/6880","targetHints":{"allow":["GET"]}}],"collection":[{"href":"https:\/\/r2-toys.com\/index.php\/wp-json\/wp\/v2\/product"}],"about":[{"href":"https:\/\/r2-toys.com\/index.php\/wp-json\/wp\/v2\/types\/product"}],"replies":[{"embeddable":true,"href":"https:\/\/r2-toys.com\/index.php\/wp-json\/wp\/v2\/comments?post=6880"}],"wp:featuredmedia":[{"embeddable":true,"href":"https:\/\/r2-toys.com\/index.php\/wp-json\/wp\/v2\/media\/6796"}],"wp:attachment":[{"href":"https:\/\/r2-toys.com\/index.php\/wp-json\/wp\/v2\/media?parent=6880"}],"wp:term":[{"taxonomy":"product_brand","embeddable":true,"href":"https:\/\/r2-toys.com\/index.php\/wp-json\/wp\/v2\/product_brand?post=6880"},{"taxonomy":"product_cat","embeddable":true,"href":"https:\/\/r2-toys.com\/index.php\/wp-json\/wp\/v2\/product_cat?post=6880"},{"taxonomy":"product_tag","embeddable":true,"href":"https:\/\/r2-toys.com\/index.php\/wp-json\/wp\/v2\/product_tag?post=6880"}],"curies":[{"name":"wp","href":"https:\/\/api.w.org\/{rel}","templated":true}]}}