{"id":6885,"date":"2024-02-21T07:06:10","date_gmt":"2024-02-21T01:06:10","guid":{"rendered":"https:\/\/r2-toys.com\/?post_type=product&#038;p=6885"},"modified":"2026-01-14T23:22:22","modified_gmt":"2026-01-14T17:22:22","slug":"mystic-gohan","status":"publish","type":"product","link":"https:\/\/r2-toys.com\/index.php\/product\/mystic-gohan\/","title":{"rendered":"Mystic Gohan"},"content":{"rendered":"<p class=\"p3\">Esta forma de Gohan difiere de las formas del Supersaiyano dado que el iris de sus ojos y su cabello mantienen el mismo color. Los cambios m\u00e1s notables en Gohan son el gran mech\u00f3n negro en la frente y sus ojos marcados, as\u00ed como una acentuada musculatura. El aura no presenta cambios y es similar a la que emite en su forma base. Esta apariencia no ser\u00eda permanente, pero Gohan podr\u00eda activarla cada vez que \u00e9l quisiera.<\/p>\n<p class=\"p3\">Figura de 16.51cm coleccionable con multiples detalles y manos adicionales. De la serie Dragon Star Series.<\/p>\n<p class=\"p3\">Edad recomendada: 4 a\u00f1os en adelante<\/p>\n<p class=\"p3\"><span class=\"s1\">\u26a0\ufe0f<\/span> ADVERTENCIA: PELIGRO DE ASFIXIA \u2013 Piezas peque\u00f1as. No apto para ni\u00f1os menores de 4 a\u00f1os.<\/p>\n<p class=\"p3\">Los productos son producidos por Bandas bajo licencias autorizadas.<\/p>\n<p class=\"p3\">Bandai y<span class=\"Apple-converted-space\">\u00a0 <\/span>todos los t\u00e9rminos relacionados son marcas registradas NamcoBandai.<\/p>\n","protected":false},"excerpt":{"rendered":"<p>Esta forma de Gohan difiere de las formas del Supersaiyano dado que el iris de sus ojos y su cabello mantienen el mismo color. Los cambios m\u00e1s notables en Gohan son el gran mech\u00f3n negro en la frente y sus ojos marcados, as\u00ed como una acentuada musculatura. El aura no presenta cambios y es similar a la que emite en su forma base. Esta apariencia no ser\u00eda permanente, pero Gohan podr\u00eda activarla cada vez que \u00e9l quisiera.<\/p>\n","protected":false},"featured_media":6809,"comment_status":"open","ping_status":"closed","template":"","meta":[],"product_brand":[],"product_cat":[21],"product_tag":[],"class_list":{"0":"post-6885","1":"product","2":"type-product","3":"status-publish","4":"has-post-thumbnail","6":"product_cat-retro","8":"first","9":"instock","10":"taxable","11":"shipping-taxable","12":"purchasable","13":"product-type-simple"},"_links":{"self":[{"href":"https:\/\/r2-toys.com\/index.php\/wp-json\/wp\/v2\/product\/6885","targetHints":{"allow":["GET"]}}],"collection":[{"href":"https:\/\/r2-toys.com\/index.php\/wp-json\/wp\/v2\/product"}],"about":[{"href":"https:\/\/r2-toys.com\/index.php\/wp-json\/wp\/v2\/types\/product"}],"replies":[{"embeddable":true,"href":"https:\/\/r2-toys.com\/index.php\/wp-json\/wp\/v2\/comments?post=6885"}],"wp:featuredmedia":[{"embeddable":true,"href":"https:\/\/r2-toys.com\/index.php\/wp-json\/wp\/v2\/media\/6809"}],"wp:attachment":[{"href":"https:\/\/r2-toys.com\/index.php\/wp-json\/wp\/v2\/media?parent=6885"}],"wp:term":[{"taxonomy":"product_brand","embeddable":true,"href":"https:\/\/r2-toys.com\/index.php\/wp-json\/wp\/v2\/product_brand?post=6885"},{"taxonomy":"product_cat","embeddable":true,"href":"https:\/\/r2-toys.com\/index.php\/wp-json\/wp\/v2\/product_cat?post=6885"},{"taxonomy":"product_tag","embeddable":true,"href":"https:\/\/r2-toys.com\/index.php\/wp-json\/wp\/v2\/product_tag?post=6885"}],"curies":[{"name":"wp","href":"https:\/\/api.w.org\/{rel}","templated":true}]}}