{"id":7012,"date":"2024-03-04T06:26:11","date_gmt":"2024-03-04T00:26:11","guid":{"rendered":"https:\/\/r2-toys.com\/?post_type=product&#038;p=7012"},"modified":"2025-12-10T07:15:54","modified_gmt":"2025-12-10T01:15:54","slug":"sabine-wren-2","status":"publish","type":"product","link":"https:\/\/r2-toys.com\/index.php\/product\/sabine-wren-2\/","title":{"rendered":"Sabine Wren Retro"},"content":{"rendered":"<p>Como parte de la tripulaci\u00f3n de Ghost, Sabine Wren us\u00f3 su don para la fabricaci\u00f3n de bombas con gran efecto contra el Imperio y, a menudo, marcaba su trabajo con etiquetas de pintura en aerosol.<\/p>\n<p>Sabine Wren era una guerrera mandaloriana, experta en explosivos y talentosa artista de graffiti, cualidades que resultaron \u00fatiles como una de las primeras en rebelarse contra el Imperio.<\/p>\n<p class=\"p1\">Ambientada despu\u00e9s de la ca\u00edda del Imperio, Ahsoka sigue a la ex Caballero Jedi Ahsoka Tano mientras investiga una amenaza emergente para una galaxia vulnerable.<\/p>\n<div>\n<div>\n<p>\u26a0\ufe0f ADVERTENCIA: PELIGRO DE ASFIXIA &#8211; Piezas peque\u00f1as. No apto para ni\u00f1os menores de 4 a\u00f1os.<\/p>\n<\/div>\n<div>\n<p>Los productos Star Wars son producidos por Hasbro bajo licencia de Lucasfilm Ltd.<\/p>\n<\/div>\n<div>\n<p>Hasbro y todos los t\u00e9rminos relacionados son marcas registradas de Hasbro.<\/p>\n<\/div>\n<\/div>\n","protected":false},"excerpt":{"rendered":"<p>Como parte de la tripulaci\u00f3n de Ghost, Sabine Wren us\u00f3 su don para la fabricaci\u00f3n de bombas con gran efecto contra el Imperio y, a menudo, marcaba su trabajo con etiquetas de pintura en aerosol.<\/p>\n<p class=\"p1\">Ambientada despu\u00e9s de la ca\u00edda del Imperio, Ahsoka sigue a la ex Caballero Jedi Ahsoka Tano mientras investiga una amenaza emergente para una galaxia vulnerable.<\/p>\n","protected":false},"featured_media":6919,"comment_status":"open","ping_status":"closed","template":"","meta":[],"product_brand":[],"product_cat":[29],"product_tag":[],"class_list":{"0":"post-7012","1":"product","2":"type-product","3":"status-publish","4":"has-post-thumbnail","6":"product_cat-vintage","8":"first","9":"instock","10":"taxable","11":"shipping-taxable","12":"purchasable","13":"product-type-simple"},"_links":{"self":[{"href":"https:\/\/r2-toys.com\/index.php\/wp-json\/wp\/v2\/product\/7012","targetHints":{"allow":["GET"]}}],"collection":[{"href":"https:\/\/r2-toys.com\/index.php\/wp-json\/wp\/v2\/product"}],"about":[{"href":"https:\/\/r2-toys.com\/index.php\/wp-json\/wp\/v2\/types\/product"}],"replies":[{"embeddable":true,"href":"https:\/\/r2-toys.com\/index.php\/wp-json\/wp\/v2\/comments?post=7012"}],"wp:featuredmedia":[{"embeddable":true,"href":"https:\/\/r2-toys.com\/index.php\/wp-json\/wp\/v2\/media\/6919"}],"wp:attachment":[{"href":"https:\/\/r2-toys.com\/index.php\/wp-json\/wp\/v2\/media?parent=7012"}],"wp:term":[{"taxonomy":"product_brand","embeddable":true,"href":"https:\/\/r2-toys.com\/index.php\/wp-json\/wp\/v2\/product_brand?post=7012"},{"taxonomy":"product_cat","embeddable":true,"href":"https:\/\/r2-toys.com\/index.php\/wp-json\/wp\/v2\/product_cat?post=7012"},{"taxonomy":"product_tag","embeddable":true,"href":"https:\/\/r2-toys.com\/index.php\/wp-json\/wp\/v2\/product_tag?post=7012"}],"curies":[{"name":"wp","href":"https:\/\/api.w.org\/{rel}","templated":true}]}}