{"id":7021,"date":"2024-03-04T06:51:26","date_gmt":"2024-03-04T00:51:26","guid":{"rendered":"https:\/\/r2-toys.com\/?post_type=product&#038;p=7021"},"modified":"2025-12-13T05:44:56","modified_gmt":"2025-12-12T23:44:56","slug":"star-wars-retro-collection-star-wars-return-of-jedi-collectible-figures-multipack","status":"publish","type":"product","link":"https:\/\/r2-toys.com\/index.php\/product\/star-wars-retro-collection-star-wars-return-of-jedi-collectible-figures-multipack\/","title":{"rendered":"Star Wars Retro Collection Star Wars: Return Of Jedi Collectible Figures Multipack"},"content":{"rendered":"<p>Con el poder destructor de planetas de la Estrella de la Muerte, el Imperio busca cimentar su control sobre la galaxia. Mientras tanto, el granjero Luke Skywalker se levanta para enfrentar su destino. Este Paquete incluye figuras de<span class=\"Apple-converted-space\">\u00a0 <\/span>See-Threepio (C-3PO), Artoo-Detoo (R2-D2), Ben (Obi-Wan) Kenobi, a Death Squad Commander, Jawa, and a Tusken Raider<span class=\"Apple-converted-space\">\u00a0<\/span><\/p>\n<p>Estas figuras de 9,5 cm cuenta con un excelente<span class=\"Apple-converted-space\">\u00a0 <\/span>dise\u00f1o, en empaques inspirados en la l\u00ednea original e incluye accesorios.<\/p>\n<p>Edad recomendada: 4 a\u00f1os en adelante<\/p>\n<p>\u26a0\ufe0fADVERTENCIA: PELIGRO DE ASFIXIA \u2013 Piezas peque\u00f1as. No apto para ni\u00f1os menores de 4 a\u00f1os.<\/p>\n<p>Los productos Star Wars son producidos por Hasbro bajo licencia de Lucasfilm Ltd.<\/p>\n<p>Hasbro y todos los t\u00e9rminos relacionados son marcas registradas de Hasbro.<\/p>\n","protected":false},"excerpt":{"rendered":"<p>Con el poder destructor de planetas de la Estrella de la Muerte, el Imperio busca cimentar su control sobre la galaxia. Mientras tanto, el granjero Luke Skywalker se levanta para enfrentar su destino. Este Paquete incluye figuras de<span class=\"Apple-converted-space\">\u00a0 <\/span>See-Threepio (C-3PO), Artoo-Detoo (R2-D2), Ben (Obi-Wan) Kenobi, a Death Squad Commander, Jawa, and a Tusken Raider<\/p>\n<p>&nbsp;<\/p>\n","protected":false},"featured_media":6935,"comment_status":"open","ping_status":"closed","template":"","meta":[],"product_brand":[],"product_cat":[29],"product_tag":[],"class_list":{"0":"post-7021","1":"product","2":"type-product","3":"status-publish","4":"has-post-thumbnail","6":"product_cat-vintage","8":"first","9":"instock","10":"taxable","11":"shipping-taxable","12":"purchasable","13":"product-type-simple"},"_links":{"self":[{"href":"https:\/\/r2-toys.com\/index.php\/wp-json\/wp\/v2\/product\/7021","targetHints":{"allow":["GET"]}}],"collection":[{"href":"https:\/\/r2-toys.com\/index.php\/wp-json\/wp\/v2\/product"}],"about":[{"href":"https:\/\/r2-toys.com\/index.php\/wp-json\/wp\/v2\/types\/product"}],"replies":[{"embeddable":true,"href":"https:\/\/r2-toys.com\/index.php\/wp-json\/wp\/v2\/comments?post=7021"}],"wp:featuredmedia":[{"embeddable":true,"href":"https:\/\/r2-toys.com\/index.php\/wp-json\/wp\/v2\/media\/6935"}],"wp:attachment":[{"href":"https:\/\/r2-toys.com\/index.php\/wp-json\/wp\/v2\/media?parent=7021"}],"wp:term":[{"taxonomy":"product_brand","embeddable":true,"href":"https:\/\/r2-toys.com\/index.php\/wp-json\/wp\/v2\/product_brand?post=7021"},{"taxonomy":"product_cat","embeddable":true,"href":"https:\/\/r2-toys.com\/index.php\/wp-json\/wp\/v2\/product_cat?post=7021"},{"taxonomy":"product_tag","embeddable":true,"href":"https:\/\/r2-toys.com\/index.php\/wp-json\/wp\/v2\/product_tag?post=7021"}],"curies":[{"name":"wp","href":"https:\/\/api.w.org\/{rel}","templated":true}]}}