{"id":710,"date":"2022-03-29T01:02:44","date_gmt":"2022-03-28T19:02:44","guid":{"rendered":"https:\/\/r2-toys.com\/?post_type=product&#038;p=710"},"modified":"2025-12-11T01:50:24","modified_gmt":"2025-12-10T19:50:24","slug":"princess-leia-organa-hoth","status":"publish","type":"product","link":"https:\/\/r2-toys.com\/index.php\/product\/princess-leia-organa-hoth\/","title":{"rendered":"PRINCESS LEIA ORGANA (HOTH) 15 cm"},"content":{"rendered":"<p>La princesa Leia Organa fue una de las l\u00edderes m\u00e1s importantes de la Alianza Rebelde, intr\u00e9pida en el campo de batalla y dedicada a acabar con la tiran\u00eda del Imperio.<\/p>\n<p>Esta figura de la Princesa Leia Organa a escala de 9.5 cm presenta m\u00faltiples puntos de articulaci\u00f3n y dise\u00f1o y detalles inspirados en Star Wars: The Empire Strike Back, parte de la franquicia de pel\u00edculas de Star Wars que incluye Star Wars: The Last Jedi y Solo: A Star Wars Story.<\/p>\n<p>Los fan\u00e1ticos y coleccionistas pueden imaginar escenas de la galaxia de Star Wars con esta prima Figura de la Princesa Leia.<\/p>\n<div>\n<p>Edad recomendada: 4 a\u00f1os en adelante<\/p>\n<\/div>\n<div>\n<p>\u26a0\ufe0f ADVERTENCIA: PELIGRO DE ASFIXIA &#8211; Piezas peque\u00f1as. No apto para ni\u00f1os menores de 4 a\u00f1os.<\/p>\n<\/div>\n<div>\n<p>Los productos Star Wars son producidos por Hasbro bajo licencia de Lucasfilm Ltd.<\/p>\n<\/div>\n<div>\n<p>Hasbro y todos los t\u00e9rminos relacionados son marcas de comercio de Hasbro.<\/p>\n<\/div>\n","protected":false},"excerpt":{"rendered":"<p>La princesa Leia Organa fue una de las l\u00edderes m\u00e1s importantes de la Alianza Rebelde, intr\u00e9pida en el campo de batalla y dedicada a acabar con la tiran\u00eda del Imperio.<\/p>\n","protected":false},"featured_media":3114,"comment_status":"open","ping_status":"closed","template":"","meta":[],"product_brand":[],"product_cat":[29],"product_tag":[],"class_list":{"0":"post-710","1":"product","2":"type-product","3":"status-publish","4":"has-post-thumbnail","6":"product_cat-vintage","8":"first","9":"instock","10":"taxable","11":"shipping-taxable","12":"purchasable","13":"product-type-simple"},"_links":{"self":[{"href":"https:\/\/r2-toys.com\/index.php\/wp-json\/wp\/v2\/product\/710","targetHints":{"allow":["GET"]}}],"collection":[{"href":"https:\/\/r2-toys.com\/index.php\/wp-json\/wp\/v2\/product"}],"about":[{"href":"https:\/\/r2-toys.com\/index.php\/wp-json\/wp\/v2\/types\/product"}],"replies":[{"embeddable":true,"href":"https:\/\/r2-toys.com\/index.php\/wp-json\/wp\/v2\/comments?post=710"}],"wp:featuredmedia":[{"embeddable":true,"href":"https:\/\/r2-toys.com\/index.php\/wp-json\/wp\/v2\/media\/3114"}],"wp:attachment":[{"href":"https:\/\/r2-toys.com\/index.php\/wp-json\/wp\/v2\/media?parent=710"}],"wp:term":[{"taxonomy":"product_brand","embeddable":true,"href":"https:\/\/r2-toys.com\/index.php\/wp-json\/wp\/v2\/product_brand?post=710"},{"taxonomy":"product_cat","embeddable":true,"href":"https:\/\/r2-toys.com\/index.php\/wp-json\/wp\/v2\/product_cat?post=710"},{"taxonomy":"product_tag","embeddable":true,"href":"https:\/\/r2-toys.com\/index.php\/wp-json\/wp\/v2\/product_tag?post=710"}],"curies":[{"name":"wp","href":"https:\/\/api.w.org\/{rel}","templated":true}]}}