{"id":7117,"date":"2024-03-29T08:47:10","date_gmt":"2024-03-29T02:47:10","guid":{"rendered":"https:\/\/r2-toys.com\/?post_type=product&#038;p=7117"},"modified":"2024-04-14T00:51:53","modified_gmt":"2024-04-13T18:51:53","slug":"bardock","status":"publish","type":"product","link":"https:\/\/r2-toys.com\/index.php\/product\/bardock\/","title":{"rendered":"Bardock"},"content":{"rendered":"<p>Tambi\u00e9n llamado Barduck, es un saiyano de clase baja proveniente del Planeta Vegeta del Universo 7. Pertenece al Ej\u00e9rcito Saiyano, que est\u00e1 bajo el liderazgo del Rey Vegeta, y es jefe de su escuadr\u00f3n durante la anexi\u00f3n del planeta por parte de las fuerzas coloniales del Imperio de Freeza. \u00c9l es el esposo de Gine y padre biol\u00f3gico de Kakarotto y Raditz.<\/p>\n<p>&nbsp;<\/p>\n<p class=\"p1\">Figura de 16.51cm coleccionable con multiples detalles y manos adicionales. De la serie Dragon Star Series.<\/p>\n<p class=\"p1\">Edad recomendada: 4 a\u00f1os en adelante<\/p>\n<p class=\"p1\"><span class=\"s1\">\u26a0\ufe0f<\/span> ADVERTENCIA: PELIGRO DE ASFIXIA \u2013 Piezas peque\u00f1as. No apto para ni\u00f1os menores de 4 a\u00f1os.<\/p>\n<p class=\"p1\">Los productos son producidos por Bandas bajo licencias autorizadas.<\/p>\n<p class=\"p1\">Bandai y<span class=\"Apple-converted-space\">\u00a0 <\/span>todos los t\u00e9rminos relacionados son marcas registradas NamcoBandai.<\/p>\n<p class=\"p1\">\n","protected":false},"excerpt":{"rendered":"<p>Tambi\u00e9n llamado Barduck, es un saiyano de clase baja proveniente del Planeta Vegeta del Universo 7. Pertenece al Ej\u00e9rcito Saiyano, que est\u00e1 bajo el liderazgo del Rey Vegeta, y es jefe de su escuadr\u00f3n durante la anexi\u00f3n del planeta por parte de las fuerzas coloniales del Imperio de Freeza. \u00c9l es el esposo de Gine y padre biol\u00f3gico de Kakarotto y Raditz.<\/p>\n","protected":false},"featured_media":7097,"comment_status":"open","ping_status":"closed","template":"","meta":[],"product_brand":[],"product_cat":[21],"product_tag":[],"class_list":{"0":"post-7117","1":"product","2":"type-product","3":"status-publish","4":"has-post-thumbnail","6":"product_cat-retro","8":"first","9":"outofstock","10":"taxable","11":"shipping-taxable","12":"purchasable","13":"product-type-simple"},"_links":{"self":[{"href":"https:\/\/r2-toys.com\/index.php\/wp-json\/wp\/v2\/product\/7117","targetHints":{"allow":["GET"]}}],"collection":[{"href":"https:\/\/r2-toys.com\/index.php\/wp-json\/wp\/v2\/product"}],"about":[{"href":"https:\/\/r2-toys.com\/index.php\/wp-json\/wp\/v2\/types\/product"}],"replies":[{"embeddable":true,"href":"https:\/\/r2-toys.com\/index.php\/wp-json\/wp\/v2\/comments?post=7117"}],"wp:featuredmedia":[{"embeddable":true,"href":"https:\/\/r2-toys.com\/index.php\/wp-json\/wp\/v2\/media\/7097"}],"wp:attachment":[{"href":"https:\/\/r2-toys.com\/index.php\/wp-json\/wp\/v2\/media?parent=7117"}],"wp:term":[{"taxonomy":"product_brand","embeddable":true,"href":"https:\/\/r2-toys.com\/index.php\/wp-json\/wp\/v2\/product_brand?post=7117"},{"taxonomy":"product_cat","embeddable":true,"href":"https:\/\/r2-toys.com\/index.php\/wp-json\/wp\/v2\/product_cat?post=7117"},{"taxonomy":"product_tag","embeddable":true,"href":"https:\/\/r2-toys.com\/index.php\/wp-json\/wp\/v2\/product_tag?post=7117"}],"curies":[{"name":"wp","href":"https:\/\/api.w.org\/{rel}","templated":true}]}}