{"id":7663,"date":"2024-11-15T08:43:31","date_gmt":"2024-11-15T02:43:31","guid":{"rendered":"https:\/\/r2-toys.com\/?post_type=product&#038;p=7663"},"modified":"2025-02-07T21:21:17","modified_gmt":"2025-02-07T15:21:17","slug":"transformers-optimus-prime-rise-of-the-beast","status":"publish","type":"product","link":"https:\/\/r2-toys.com\/index.php\/product\/transformers-optimus-prime-rise-of-the-beast\/","title":{"rendered":"Transformers Optimus Prime Rise of the beast"},"content":{"rendered":"<p class=\"p1\">Esta figura de 29 cm cuenta con m\u00e1s de 53 articulaciones.<\/p>\n<p class=\"p1\">Edad recomendada: 14 a\u00f1os en adelante<\/p>\n<p class=\"p1\"><span class=\"s1\">\u26a0\ufe0f<\/span>ADVERTENCIA: PELIGRO DE ASFIXIA \u2013 Piezas peque\u00f1as. No apto para ni\u00f1os menores de 12 a\u00f1os.<\/p>\n<p class=\"p1\">Los productos son producidos por DLX Collectible Figure, Three Zero\u00a0 bajo licencia de Hasbro.<\/p>\n<p class=\"p1\">DLX Collectible Figure, Three Zero, Hasbro\u00a0 y<span class=\"Apple-converted-space\">\u00a0 <\/span>todos los t\u00e9rminos relacionados son marcas registradas de DLX Collectible Figure, Three Zero, Hasbro<\/p>\n","protected":false},"excerpt":{"rendered":"<p class=\"p1\">Esta figura de 29 cm cuenta con m\u00e1s de 53 articulaciones.<\/p>\n<p class=\"p1\">Edad recomendada: 14 a\u00f1os en adelante<\/p>\n<p class=\"p1\"><span class=\"s1\">\u26a0\ufe0f<\/span>ADVERTENCIA: PELIGRO DE ASFIXIA \u2013 Piezas peque\u00f1as. No apto para ni\u00f1os menores de 12 a\u00f1os.<\/p>\n<p class=\"p1\">Los productos son producidos por DLX Collectible Figure, Three Zero\u00a0 bajo licencia de Hasbro.<\/p>\n<p class=\"p1\">DLX Collectible Figure, Three Zero, Hasbro\u00a0 y<span class=\"Apple-converted-space\">\u00a0 <\/span>todos los t\u00e9rminos relacionados son marcas registradas de DLX Collectible Figure, Three Zero, Hasbro<\/p>\n","protected":false},"featured_media":7577,"comment_status":"open","ping_status":"closed","template":"","meta":[],"product_brand":[],"product_cat":[21],"product_tag":[],"class_list":{"0":"post-7663","1":"product","2":"type-product","3":"status-publish","4":"has-post-thumbnail","6":"product_cat-retro","8":"first","9":"outofstock","10":"taxable","11":"shipping-taxable","12":"purchasable","13":"product-type-simple"},"_links":{"self":[{"href":"https:\/\/r2-toys.com\/index.php\/wp-json\/wp\/v2\/product\/7663","targetHints":{"allow":["GET"]}}],"collection":[{"href":"https:\/\/r2-toys.com\/index.php\/wp-json\/wp\/v2\/product"}],"about":[{"href":"https:\/\/r2-toys.com\/index.php\/wp-json\/wp\/v2\/types\/product"}],"replies":[{"embeddable":true,"href":"https:\/\/r2-toys.com\/index.php\/wp-json\/wp\/v2\/comments?post=7663"}],"wp:featuredmedia":[{"embeddable":true,"href":"https:\/\/r2-toys.com\/index.php\/wp-json\/wp\/v2\/media\/7577"}],"wp:attachment":[{"href":"https:\/\/r2-toys.com\/index.php\/wp-json\/wp\/v2\/media?parent=7663"}],"wp:term":[{"taxonomy":"product_brand","embeddable":true,"href":"https:\/\/r2-toys.com\/index.php\/wp-json\/wp\/v2\/product_brand?post=7663"},{"taxonomy":"product_cat","embeddable":true,"href":"https:\/\/r2-toys.com\/index.php\/wp-json\/wp\/v2\/product_cat?post=7663"},{"taxonomy":"product_tag","embeddable":true,"href":"https:\/\/r2-toys.com\/index.php\/wp-json\/wp\/v2\/product_tag?post=7663"}],"curies":[{"name":"wp","href":"https:\/\/api.w.org\/{rel}","templated":true}]}}