{"id":8251,"date":"2025-12-24T09:23:33","date_gmt":"2025-12-24T03:23:33","guid":{"rendered":"https:\/\/r2-toys.com\/?post_type=product&#038;p=8251"},"modified":"2025-12-24T09:23:33","modified_gmt":"2025-12-24T03:23:33","slug":"transformers-mdlx-optimus-prime-sleep-mode","status":"publish","type":"product","link":"https:\/\/r2-toys.com\/index.php\/product\/transformers-mdlx-optimus-prime-sleep-mode\/","title":{"rendered":"Transformers MDLX Optimus Prime (Sleep Mode)"},"content":{"rendered":"<p>Mide aproximadamente 18 cm de altura, cuenta con\u00a0 48 puntos de articulaci\u00f3n . Se han a\u00f1adido efectos de pintura desgastada por la batalla en m\u00e1scara, las ventanas del pecho y las extremidades. Esta figura ha sido redise\u00f1ada por el director art\u00edstico de threezero, Kelvin Sau, con sus ic\u00f3nicos dise\u00f1os remezclados para incorporar una est\u00e9tica mec\u00e1nica hiperdetallada. Adem\u00e1s, cuenta con el exclusivo sistema de estructura de aleaci\u00f3n de zinc fundido a presi\u00f3n y pl\u00e1stico de ingenier\u00eda de threezero, lo que mejora la jugabilidad t\u00e1ctil y la durabilidad de la figura<\/p>\n<p>&nbsp;<\/p>\n<p class=\"p1\">Edad recomendada: 14 a\u00f1os en adelante<\/p>\n<p class=\"p1\"><span class=\"s1\">\u26a0\ufe0f<\/span>ADVERTENCIA: PELIGRO DE ASFIXIA \u2013 Piezas peque\u00f1as. No apto para ni\u00f1os menores de 12 a\u00f1os.<\/p>\n<p class=\"p1\">Los productos son producidos por DLX Collectible Figure, Three Zero\u00a0 bajo licencia de Hasbro.<\/p>\n<p class=\"p1\">DLX Collectible Figure, Three Zero, Hasbro\u00a0 y<span class=\"Apple-converted-space\">\u00a0 <\/span>todos los t\u00e9rminos relacionados son marcas registradas de DLX Collectible Figure, Three Zero, Hasbro<\/p>\n","protected":false},"excerpt":{"rendered":"<p>Mide aproximadamente 18 cm de altura, cuenta con\u00a0 48 puntos de articulaci\u00f3n . Se han a\u00f1adido efectos de pintura desgastada por la batalla en m\u00e1scara, las ventanas del pecho y las extremidades. Esta figura ha sido redise\u00f1ada por el director art\u00edstico de threezero, Kelvin Sau, con sus ic\u00f3nicos dise\u00f1os remezclados para incorporar una est\u00e9tica mec\u00e1nica hiperdetallada. Adem\u00e1s, cuenta con el exclusivo sistema de estructura de aleaci\u00f3n de zinc fundido a presi\u00f3n y pl\u00e1stico de ingenier\u00eda de threezero, lo que mejora la jugabilidad t\u00e1ctil y la durabilidad de la figura<\/p>\n<p>&nbsp;<\/p>\n<p class=\"p1\">Edad recomendada: 14 a\u00f1os en adelante<\/p>\n<p class=\"p1\"><span class=\"s1\">\u26a0\ufe0f<\/span>ADVERTENCIA: PELIGRO DE ASFIXIA \u2013 Piezas peque\u00f1as. No apto para ni\u00f1os menores de 12 a\u00f1os.<\/p>\n<p class=\"p1\">Los productos son producidos por DLX Collectible Figure, Three Zero\u00a0 bajo licencia de Hasbro.<\/p>\n<p class=\"p1\">DLX Collectible Figure, Three Zero, Hasbro\u00a0 y<span class=\"Apple-converted-space\">\u00a0 <\/span>todos los t\u00e9rminos relacionados son marcas registradas de DLX Collectible Figure, Three Zero, Hasbro<\/p>\n","protected":false},"featured_media":8229,"comment_status":"open","ping_status":"closed","template":"","meta":[],"product_brand":[],"product_cat":[21],"product_tag":[],"class_list":{"0":"post-8251","1":"product","2":"type-product","3":"status-publish","4":"has-post-thumbnail","6":"product_cat-retro","8":"first","9":"instock","10":"taxable","11":"shipping-taxable","12":"purchasable","13":"product-type-simple"},"_links":{"self":[{"href":"https:\/\/r2-toys.com\/index.php\/wp-json\/wp\/v2\/product\/8251","targetHints":{"allow":["GET"]}}],"collection":[{"href":"https:\/\/r2-toys.com\/index.php\/wp-json\/wp\/v2\/product"}],"about":[{"href":"https:\/\/r2-toys.com\/index.php\/wp-json\/wp\/v2\/types\/product"}],"replies":[{"embeddable":true,"href":"https:\/\/r2-toys.com\/index.php\/wp-json\/wp\/v2\/comments?post=8251"}],"wp:featuredmedia":[{"embeddable":true,"href":"https:\/\/r2-toys.com\/index.php\/wp-json\/wp\/v2\/media\/8229"}],"wp:attachment":[{"href":"https:\/\/r2-toys.com\/index.php\/wp-json\/wp\/v2\/media?parent=8251"}],"wp:term":[{"taxonomy":"product_brand","embeddable":true,"href":"https:\/\/r2-toys.com\/index.php\/wp-json\/wp\/v2\/product_brand?post=8251"},{"taxonomy":"product_cat","embeddable":true,"href":"https:\/\/r2-toys.com\/index.php\/wp-json\/wp\/v2\/product_cat?post=8251"},{"taxonomy":"product_tag","embeddable":true,"href":"https:\/\/r2-toys.com\/index.php\/wp-json\/wp\/v2\/product_tag?post=8251"}],"curies":[{"name":"wp","href":"https:\/\/api.w.org\/{rel}","templated":true}]}}