{"id":8423,"date":"2026-02-23T09:44:46","date_gmt":"2026-02-23T03:44:46","guid":{"rendered":"https:\/\/r2-toys.com\/?post_type=product&#038;p=8423"},"modified":"2026-03-27T07:28:28","modified_gmt":"2026-03-27T01:28:28","slug":"jabba-the-hutt-action-playset","status":"publish","type":"product","link":"https:\/\/r2-toys.com\/index.php\/product\/jabba-the-hutt-action-playset\/","title":{"rendered":"Jabba the Hutt ACTION PLAYSET"},"content":{"rendered":"<p>Jabba the Hutt fue uno de los mafiosos m\u00e1s poderosos de la galaxia, con una gran influencia tanto en la pol\u00edtica como en el inframundo criminal.<\/p>\n<p>Figuras de acci\u00f3n Jabba the Hutt,\u00a0 Salacious B. Crumb &amp; 8D8 a escala para similares de 9.5cm, cuentan con m\u00faltiples puntos de articulaci\u00f3n y<span class=\"Apple-converted-space\">\u00a0 <\/span>accesorios.<\/p>\n<p>Edad recomendada: 4 a\u00f1os en adelante<\/p>\n<p>\u26a0\ufe0fADVERTENCIA: PELIGRO DE ASFIXIA &#8211; Piezas peque\u00f1as. No apto para ni\u00f1os menores de 4 a\u00f1os.<\/p>\n<p>Los productos Star Wars son producidos por Hasbro bajo licencia de Lucasfilm Ltd.<\/p>\n<p>Hasbro y todos los t\u00e9rminos relacionados son marcas registradas de Hasbro.<\/p>\n","protected":false},"excerpt":{"rendered":"<p>Jabba the Hutt fue uno de los mafiosos m\u00e1s poderosos de la galaxia, con una gran influencia tanto en la pol\u00edtica como en el inframundo criminal.<\/p>\n","protected":false},"featured_media":8395,"comment_status":"open","ping_status":"closed","template":"","meta":[],"product_brand":[],"product_cat":[29],"product_tag":[],"class_list":{"0":"post-8423","1":"product","2":"type-product","3":"status-publish","4":"has-post-thumbnail","6":"product_cat-vintage","8":"first","9":"instock","10":"taxable","11":"shipping-taxable","12":"purchasable","13":"product-type-simple"},"_links":{"self":[{"href":"https:\/\/r2-toys.com\/index.php\/wp-json\/wp\/v2\/product\/8423","targetHints":{"allow":["GET"]}}],"collection":[{"href":"https:\/\/r2-toys.com\/index.php\/wp-json\/wp\/v2\/product"}],"about":[{"href":"https:\/\/r2-toys.com\/index.php\/wp-json\/wp\/v2\/types\/product"}],"replies":[{"embeddable":true,"href":"https:\/\/r2-toys.com\/index.php\/wp-json\/wp\/v2\/comments?post=8423"}],"wp:featuredmedia":[{"embeddable":true,"href":"https:\/\/r2-toys.com\/index.php\/wp-json\/wp\/v2\/media\/8395"}],"wp:attachment":[{"href":"https:\/\/r2-toys.com\/index.php\/wp-json\/wp\/v2\/media?parent=8423"}],"wp:term":[{"taxonomy":"product_brand","embeddable":true,"href":"https:\/\/r2-toys.com\/index.php\/wp-json\/wp\/v2\/product_brand?post=8423"},{"taxonomy":"product_cat","embeddable":true,"href":"https:\/\/r2-toys.com\/index.php\/wp-json\/wp\/v2\/product_cat?post=8423"},{"taxonomy":"product_tag","embeddable":true,"href":"https:\/\/r2-toys.com\/index.php\/wp-json\/wp\/v2\/product_tag?post=8423"}],"curies":[{"name":"wp","href":"https:\/\/api.w.org\/{rel}","templated":true}]}}