{"id":8453,"date":"2026-04-06T02:04:02","date_gmt":"2026-04-05T20:04:02","guid":{"rendered":"https:\/\/r2-toys.com\/?post_type=product&#038;p=8453"},"modified":"2026-04-06T02:10:52","modified_gmt":"2026-04-05T20:10:52","slug":"jedi-knight-revan-helmet","status":"publish","type":"product","link":"https:\/\/r2-toys.com\/index.php\/product\/jedi-knight-revan-helmet\/","title":{"rendered":"Jedi Knight Revan Helmet"},"content":{"rendered":"<p class=\"p1\">Con una decoraci\u00f3n muy detallada y acolchado interior.<\/p>\n<p class=\"p1\">Edad recomendada: 14 a\u00f1os en adelante<\/p>\n<p class=\"p1\"><span class=\"s1\">\u26a0\ufe0f<\/span>ADVERTENCIA: PELIGRO DE ASFIXIA &#8211; Piezas peque\u00f1as. No apto para ni\u00f1os menores de 14 a\u00f1os.<\/p>\n<p class=\"p1\">Los productos Star Wars son producidos por Jazwares Custome Play bajo licencia de Lucasfilm Ltd.<\/p>\n<p class=\"p1\">Jazwares, Disney y todos los t\u00e9rminos relacionados son marcas registradas.<\/p>\n","protected":false},"excerpt":{"rendered":"<p class=\"p1\">Con una decoraci\u00f3n muy detallada y acolchado interior.<\/p>\n<p class=\"p1\">Edad recomendada: 14 a\u00f1os en adelante<\/p>\n<p class=\"p1\"><span class=\"s1\">\u26a0\ufe0f<\/span>ADVERTENCIA: PELIGRO DE ASFIXIA &#8211; Piezas peque\u00f1as. No apto para ni\u00f1os menores de 14 a\u00f1os.<\/p>\n<p class=\"p1\">Los productos Star Wars son producidos por Jazwares Custome Play bajo licencia de Lucasfilm Ltd.<\/p>\n<p class=\"p1\">Jazwares, Disney y todos los t\u00e9rminos relacionados son marcas registradas.<\/p>\n","protected":false},"featured_media":8451,"comment_status":"open","ping_status":"closed","template":"","meta":[],"product_brand":[],"product_cat":[26],"product_tag":[],"class_list":{"0":"post-8453","1":"product","2":"type-product","3":"status-publish","4":"has-post-thumbnail","6":"product_cat-cascos","8":"first","9":"instock","10":"taxable","11":"shipping-taxable","12":"purchasable","13":"product-type-simple"},"_links":{"self":[{"href":"https:\/\/r2-toys.com\/index.php\/wp-json\/wp\/v2\/product\/8453","targetHints":{"allow":["GET"]}}],"collection":[{"href":"https:\/\/r2-toys.com\/index.php\/wp-json\/wp\/v2\/product"}],"about":[{"href":"https:\/\/r2-toys.com\/index.php\/wp-json\/wp\/v2\/types\/product"}],"replies":[{"embeddable":true,"href":"https:\/\/r2-toys.com\/index.php\/wp-json\/wp\/v2\/comments?post=8453"}],"wp:featuredmedia":[{"embeddable":true,"href":"https:\/\/r2-toys.com\/index.php\/wp-json\/wp\/v2\/media\/8451"}],"wp:attachment":[{"href":"https:\/\/r2-toys.com\/index.php\/wp-json\/wp\/v2\/media?parent=8453"}],"wp:term":[{"taxonomy":"product_brand","embeddable":true,"href":"https:\/\/r2-toys.com\/index.php\/wp-json\/wp\/v2\/product_brand?post=8453"},{"taxonomy":"product_cat","embeddable":true,"href":"https:\/\/r2-toys.com\/index.php\/wp-json\/wp\/v2\/product_cat?post=8453"},{"taxonomy":"product_tag","embeddable":true,"href":"https:\/\/r2-toys.com\/index.php\/wp-json\/wp\/v2\/product_tag?post=8453"}],"curies":[{"name":"wp","href":"https:\/\/api.w.org\/{rel}","templated":true}]}}